 by 44.
22
What is the remainder when 4209 is divided by 581?
142
What is the remainder when 712 is divided by 235?
7
What is the remainder when 1220 is divided by 203?
2
Calculate the remainder when 569178 is divided by 191.
189
Calculate the remainder when 261 is divided by 32.
5
Calculate the remainder when 391049 is divided by 158.
157
What is the remainder when 289701 is divided by 870?
861
What is the remainder when 15720 is divided by 7383?
954
What is the remainder when 45958 is divided by 45949?
9
What is the remainder when 2744724 is divided by 49?
38
Calculate the remainder when 12703 is divided by 528.
31
Calculate the remainder when 5296 is divided by 378.
4
Calculate the remainder when 13470 is divided by 9.
6
What is the remainder when 22648 is divided by 166?
72
What is the remainder when 1031 is divided by 413?
205
Calculate the remainder when 1740 is divided by 499.
243
What is the remainder when 7249 is divided by 2290?
379
Calculate the remainder when 10552 is divided by 62.
12
Calculate the remainder when 6247 is divided by 455.
332
Calculate the remainder when 73649 is divided by 1227.
29
What is the remainder when 18255 is divided by 28?
27
Calculate the remainder when 67454 is divided by 4213.
46
What is the remainder when 681662 is divided by 4?
2
What is the remainder when 19493 is divided by 19480?
13
Calculate the remainder when 2621 is divided by 1174.
273
Calculate the remainder when 2211 is divided by 1960.
251
What is the remainder when 53954 is divided by 41?
39
What is the remainder when 27303 is divided by 127?
125
What is the remainder when 2022 is divided by 637?
111
Calculate the remainder when 36012 is divided by 5978.
144
What is the remainder when 27306 is divided by 250?
56
What is the remainder when 40887 is divided by 2549?
103
What is the remainder when 1558810 is divided by 1486?
1482
Calculate the remainder when 10815 is divided by 72.
15
Calculate the remainder when 51703 is divided by 25846.
11
What is the remainder when 488345 is divided by 683?
0
What is the remainder when 183402 is divided by 13?
11
Calculate the remainder when 4584 is divided by 7.
6
What is the remainder when 531047 is divided by 174?
173
Calculate the remainder when 33848427 is divided by 15.
12
What is the remainder when 23290 is divided by 568?
2
What is the remainder when 4610 is divided by 658?
4
Calculate the remainder when 5619822 is divided by 29.
28
Calculate the remainder when 125413 is divided by 56.
29
What is the remainder when 67239 is divided by 328?
327
What is the remainder when 112809 is divided by 22?
15
What is the remainder when 174635 is divided by 243?
161
What is the remainder when 6302 is divided by 645?
497
What is the remainder when 24400 is divided by 36?
28
Calculate the remainder when 3356 is divided by 109.
86
Calculate the remainder when 4168 is divided by 1995.
178
What is the remainder when 48335 is divided by 138?
35
Calculate the remainder when 8415 is divided by 5.
0
Calculate the remainder when 246867 is divided by 88.
27
Calculate the remainder when 67816 is divided by 27.
19
Calculate the remainder when 10873 is divided by 1703.
655
Calculate the remainder when 5952 is divided by 545.
502
Calculate the remainder when 16677 is divided by 138.
117
What is the remainder when 66309 is divided by 364?
61
What is the remainder when 689 is divided by 46?
45
Calculate the remainder when 151258 is divided by 24.
10
What is the remainder when 767 is divided by 319?
129
Calculate the remainder when 14743 is divided by 1643.
1599
What is the remainder when 5606 is divided by 40?
6
What is the remainder when 1000759 is divided by 125094?
7
What is the remainder when 74360 is divided by 71?
23
Calculate the remainder when 398940 is divided by 19947.
0
Calculate the remainder when 61194 is divided by 44.
34
Calculate the remainder when 81027 is divided by 12.
3
What is the remainder when 2859 is divided by 2805?
54
What is the remainder when 140182 is divided by 33?
31
Calculate the remainder when 3692 is divided by 265.
247
Calculate the remainder when 7073 is divided by 1760.
33
What is the remainder when 64559 is divided by 64548?
11
What is the remainder when 1208 is divided by 307?
287
What is the remainder when 16668 is divided by 278?
266
What is the remainder when 1380 is divided by 120?
60
Calculate the remainder when 2210997 is divided by 60.
57
Calculate the remainder when 6497 is divided by 971.
671
What is the remainder when 450 is divided by 166?
118
Calculate the remainder when 46127 is divided by 11528.
15
What is the remainder when 7973 is divided by 725?
723
What is the remainder when 13910 is divided by 188?
186
What is the remainder when 6021 is divided by 750?
21
What is the remainder when 9824 is divided by 175?
24
What is the remainder when 80990 is divided by 97?
92
What is the remainder when 40912 is divided by 5839?
39
What is the remainder when 12515 is divided by 659?
653
What is the remainder when 12225 is divided by 2354?
455
Calculate the remainder when 219779 is divided by 55.
54
Calculate the remainder when 363775 is divided by 928.
927
What is the remainder when 122061 is divided by 5307?
0
Calculate the remainder when 6792 is divided by 171.
123
Calculate the remainder when 11111 is divided by 3698.
17
What is the remainder when 59054 is divided by 388?
78
Calculate the remainder when 7679 is divided by 7541.
138
What is the remainder when 5844 is divided by 529?
25
What is the remainder when 47512 is divided by 360?
352
Calculate the remainder when 4291 is divided by 1045.
111
What is the remainder when 333235 is divided by 25?
10
Calculate the remainder when 27235 is divided by 160.
35
What is the remainder when 2073 is divided by 337?
51
What is the remainder when 3581 is divided by 38?
9
Calculate the remainder when 113853 is divided by 70.
33
Calculate the remainder when 199530 is divided by 20.
10
What is the remainder when 28363 is divided by 244?
59
What is the remainder when 7700 is divided by 247?
43
What is the remainder when 45889 is divided by 110?
19
Calculate the remainder when 7651 is divided by 24.
19
Calculate the remainder when 7350 is divided by 916.
22
Calculate the remainder when 29835 is divided by 131.
98
Calculate the remainder when 95280 is divided by 122.
120
Calculate the remainder when 975532 is divided by 152.
148
What is the remainder when 4310 is divided by 3420?
890
What is the remainder when 3801 is divided by 760?
1
What is the remainder when 4936 is divided by 1097?
548
Calculate the remainder when 3950 is divided by 930.
230
Calculate the remainder when 7214 is divided by 951.
557
Calculate the remainder when 5625 is divided by 5621.
4
What is the remainder when 83838 is divided by 41904?
30
What is the remainder when 3187 is divided by 999?
190
Calculate the remainder when 2081 is divided by 39.
14
What is the remainder when 674254 is divided by 24?
22
Calculate the remainder when 1153 is divided by 744.
409
What is the remainder when 1066 is divided by 46?
8
Calculate the remainder when 2796438 is divided by 11.
7
What is the remainder when 3096 is divided by 25?
21
What is the remainder when 80197 is divided by 18?
7
What is the remainder when 122144 is divided by 180?
104
What is the remainder when 1363 is divided by 645?
73
What is the remainder when 975 is divided by 828?
147
Calculate the remainder when 39654 is divided by 431.
2
Calculate the remainder when 6929747 is divided by 125.
122
Calculate the remainder when 103139 is divided by 214.
205
Calculate the remainder when 5826 is divided by 819.
93
What is the remainder when 21580 is divided by 1269?
7
Calculate the remainder when 46461 is divided by 128.
125
What is the remainder when 4177 is divided by 323?
301
Calculate the remainder when 1127 is divided by 225.
2
Calculate the remainder when 1298 is divided by 325.
323
Calculate the remainder when 16355 is divided by 144.
83
Calculate the remainder when 21308 is divided by 1261.
1132
Calculate the remainder when 18413 is divided by 93.
92
What is the remainder when 29267 is divided by 6?
5
What is the remainder when 1137 is divided by 149?
94
What is the remainder when 6654 is divided by 370?
364
Calculate the